80 = 1767*k. Calculate the remainder when h is divided by x(-5).
13
Suppose -62*i = -68*i + 84. Suppose m - 5*m = 4*n - 360, n - 4 = 0. Calculate the remainder when m is divided by i.
2
Suppose 92 = -511*n + 534*n. Let i(j) = -7*j - 13. What is the remainder when i(-6) is divided by n?
1
Let l be (-44)/(-2) - (4 + -2 + 3). Suppose 5*y - 14 = -m + l, 0 = 3*m - y - 45. Calculate the remainder when 29 is divided by m.
13
Let i(t) = -106*t**3 - 2*t**2 + 6*t + 8. Calculate the remainder when 343 is divided by i(-1).
25
Suppose 2*v = 3*a + 25, 0*a + a = 4*v - 55. Suppose -v*w + 288 = 78. Calculate the remainder when 253 is divided by w.
13
Let n be (-684)/24*14/3. What is the remainder when (-6)/(n/(-154) - 1) is divided by 20?
4
Let a(o) = 16*o**2 + 83*o + 40. Let s be a(-9). Let n = -218 + 619. Let j = s - n. Calculate the remainder when j is divided by 32.
28
Let g(h) = 11546*h**2 + 31*h - 32. Calculate the remainder when g(1) is divided by 23.
22
Suppose 1951*f - 1954*f = 5*h - 2131, 3*h + 3*f = 1287. Calculate the remainder when h is divided by 233.
189
Let x = -22448 - -22645. Calculate the remainder when x is divided by 2/(2 + 65/(-33)).
65
Let z = 553 - 287. Let d = -174 + z. Calculate the remainder when d is divided by 28.
8
What is the remainder when 29239 is divided by (-28)/(-20) + -1 + 14442/870?
16
Let o(t) = 74*t**2 - 4*t + 4. Suppose 7*h + 4 = 18. Let n be 12/14 + (-3)/(h + -23). Calculate the remainder when o(n) is divided by 38.
36
Let d = 349 - 269. Suppose -25 = -s - 11. What is the remainder when d is divided by s?
10
Let y = -34 - -36. Suppose y*p + 1644 = -16. What is the remainder when (-4)/6 - p/30 is divided by 14?
13
Suppose -3*u = -3*p + 2265, -3*p - 237*u + 2289 = -236*u. Calculate the remainder when 3046 is divided by p.
2
Let y(d) = 29*d**2 - 115*d + 1. Let u be y(4). Suppose w - j = -w + 13, -5*w + 25 = u*j. Calculate the remainder when 7 is divided by w.
1
Suppose 2*g + 0*l - 4*l = 1004, -5*g = 3*l - 2445. Suppose g = -38*h + 42*h. Calculate the remainder when h is divided by 14.
11
Suppose 451 - 461 = -5*d. What is the remainder when 2*d + 978/18*3 is divided by 28?
27
Let p = -308 + 736. Let x = p - 406. Calculate the remainder when x is divided by 7.
1
Suppose -63*i + 152*i = -41399 + 229901. What is the remainder when i is divided by 53?
51
Suppose -4*u - 16 = 0, u + 4 = -15*q + 11*q. Calculate the remainder when q + -1 + 15/(90/348) is divided by 26.
5
Let o = 10912 - 9138. Calculate the remainder when o is divided by 581.
31
Suppose -469 = -35*f + 21. Calculate the remainder when 2028 is divided by f.
12
Suppose 1869 = -1517*h + 1538*h. Calculate the remainder when h is divided by 14.
5
Let k(g) = 14*g**3 - 7*g**2 + 159*g - 21. Let w(d) = 5*d**3 - 2*d**2 + 53*d - 7. Let q(y) = -6*k(y) + 17*w(y). What is the remainder when q(5) is divided by 21?
4
Suppose -39*c + 10460 = -9958 + 3531. Calculate the remainder when 1316 is divided by c.
17
Suppose -2*n - 236 = 2*z, -3*z + z + 121 = -n. Let l = 149 + n. What is the remainder when ((-58)/(-5))/((-2)/(-10)) is divided by l?
28
Let r = 7950 + -7613. What is the remainder when r is divided by 79?
21
Suppose -3*b - 2*t = -65, 5*b + 4*t = t + 110. Let g be 9/(-3) - (-58)/2. Suppose g = 6*s - 10. What is the remainder when b is divided by s?
1
Calculate the remainder when 3 + (-15 - -6) + (-11 - -201) is divided by 84.
16
Suppose 85*j - 29617 = -188*j - 7777. Calculate the remainder when 19598 is divided by j.
78
Let l(j) = j**3 - 3*j**2 - 10*j + 33. Suppose -i = -3*h + 12, 42*i - 9 = 39*i. What is the remainder when 99 is divided by l(h)?
0
Let i = -37 + 50. Let x(k) = 9*k + k + 4*k + k**2 + 73 - i*k. Calculate the remainder when x(0) is divided by 15.
13
Suppose 5*m - 1073 = 2*l - 0*l, 15 = 2*l + 23. Suppose 4*c - 188 = -16. Calculate the remainder when m is divided by c.
41
Let o = -22265 - -22478. What is the remainder when 1032 is divided by o?
180
Suppose 5*s - 927 = 738. Suppose 6*q = 141 + s. Let y(f) = -f**3 + 6*f**2 + 5*f - 3. What is the remainder when q is divided by y(6)?
25
Suppose k - 5*j + 68 = 0, 0 = 4*k - 8*k + 5*j - 272. Let l = k + 82. Calculate the remainder when 90 is divided by l.
6
Suppose -3*r - 24 = 0, -3*f + 1190 - 454 = 4*r. Calculate the remainder when 605 is divided by f.
93
Let r = 325 + -315. Suppose 0 = -0*a + r*a - 110. What is the remainder when 29 is divided by a?
7
Let l(z) = 97*z - 9396. Let k(g) = g**2 - 2*g - 1. Calculate the remainder when l(97) is divided by k(-1).
1
Let l(w) = 10*w**2 + 14*w - 43. Let s(g) = 2*g - 2. Let y(u) = l(u) + s(u). What is the remainder when y(3) is divided by 19?
17
Let r = -40812 - -40945. What is the remainder when 905 is divided by r?
107
Suppose -g = -3*s - 59, 0*s - 4*g = -3*s - 56. What is the remainder when 81 is divided by (s/35)/(((-24)/(-308))/(-3))?
15
Let m(p) = 75*p. Let y be m(-1). Suppose -2*z - 4*x = 98, 0 = -x - 0 - 2. Let k = z - y. What is the remainder when k is divided by 16?
14
Let s(k) = k + 10. Let w be s(-6). Let d(i) = i**3 + 5*i**2 + 10. What is the remainder when d(0) is divided by (6 - (w + 0))*2?
2
Let t(v) = -12*v**2 + 436*v - 71. Calculate the remainder when t(35) is divided by 75.
39
Let s be 14 - (12/15 - (-1)/5). Suppose 5*q + 8 = s. Calculate the remainder when 93 - 0*(0 - q) is divided by 48.
45
Let g(o) = o**3 + 3*o**2 - 61*o + 142. What is the remainder when 595 is divided by g(6)?
95
Suppose 125*d - 33371 = -26*d. What is the remainder when d is divided by 6?
5
Let t(v) = -78*v**2 + 420*v - 4. Calculate the remainder when t(2) is divided by 7.
6
Let i(p) be the second derivative of p**4/12 + 5*p**3/2 - 2*p**2 + p + 33. Calculate the remainder when 267 is divided by i(-17).
27
Suppose -2*b + b = -4*r - 75, 57 = -19*r. Suppose 0 = g - k - 0*k + 17, 3*k = -2*g - 39. What is the remainder when (g/7*1)/((-3)/b) is divided by 11?
10
Let k = -8061 - -8068. What is the remainder when 5618 is divided by k?
4
Suppose -246*n = -33291 - 61419. What is the remainder when n is divided by 14?
7
Let f be (-464)/(-6) - 54/(-81). Let a = 165 - f. Calculate the remainder when a is divided by 18.
15
Suppose -21*p = 1315 - 3331. Suppose -3*x = 0, -4*k + 3*x + 2 + 78 = 0. What is the remainder when p is divided by k?
16
Let w(b) = -8*b - 16. Let k be w(-7). Let h = 68 - 63. Let o = h + k. Calculate the remainder when o is divided by 24.
21
Suppose 33*u - 25*u - 120 = 0. Suppose 2217 = u*k - 3. What is the remainder when k is divided by 75?
73
Let h be (-2)/14 + (-74280)/(-168). Suppose -h = -57*k + 23*k. What is the remainder when 168 is divided by k?
12
Suppose -10*i + 32 + 92 = 24. Suppose 6*k - k - 375 = 0. Calculate the remainder when k is divided by i.
5
Let k(c) = -3*c + 4*c + 13 - 10 + 18. What is the remainder when k(-7) is divided by ((-3)/(-2))/((-6)/(-40))?
4
Let d = -96 + 233. Let h(r) = r**3 - 11*r**2 + 9*r + 20. Let b be h(10). What is the remainder when d is divided by (-28)/(-35) + 342/b?
32
Suppose 54*n = 60*n - 1878. Let p = n + -288. What is the remainder when 60 is divided by p?
10
Suppose 24493 = 302*o + 12799 - 46894. Calculate the remainder when o is divided by 14.
12
Let v = -110 - -113. Suppose -66 = 5*w - 7*w. Calculate the remainder when w is divided by 1*7 - 3*(-2)/v.
6
Suppose -5*z = -8*g - 488, -21*g = -z - 16*g + 118. Calculate the remainder when 364 is divided by z.
12
Calculate the remainder when 448/(-196)*-7 - -183 is divided by (-118)/(-3) - 4/(-6).
39
Let k(q) = -165*q - 1. Let l = -174736 - -174751. What is the remainder when k(-1) is divided by l?
14
Let k(i) = 2*i**3 - 6*i**2 - 12*i + 2. Let d = -112 - -118. What is the remainder when k(d) is divided by 74?
72
Let r = -9530 + 9537. Let j be (-19)/3 - 2/3. Calculate the remainder when -2 + 10*j/(-2) is divided by r.
5
Let d(h) = -32*h - 64*h + 3*h - 2 - 18*h. What is the remainder when d(-1) is divided by 22?
21
Let n(j) = -j**3 - 2*j - 2. What is the remainder when n(-3) is divided by 3440/115 + 16/184 - 2?
3
Suppose 12*k = 8*k + 2*l + 1436, -5*k + 1788 = l. Calculate the remainder when k is divided by 20.
18
Let o(d) = -12*d + 2. Let v be o(-1). Let y = v + -12. Suppose 3*z = c + 17, 0*z = y*z - c - 11. What is the remainder when 20 is divided by z?
2
Calculate the remainder when 527 is div